 common divisor of 54 and m.
18
Suppose -56 = h - 5*h. Suppose 5*x = 39 - h. Suppose x*r + 3*g - 372 = 0, -5*g + 16 = r - 76. Calculate the greatest common divisor of r and 9.
9
Let q = -20 + 19. Let f be q/(2/(-180)*1). What is the highest common divisor of 18 and f?
18
Let u be ((-4)/(-12) - -1)*12. Calculate the highest common divisor of u and 96.
16
Suppose h = -4*x + x + 155, -153 = -3*x - 3*h. What is the greatest common divisor of 130 and x?
26
Suppose 102 = 4*r + 3*j, 2*r + 0*j = 3*j + 42. Suppose -a = a - r. What is the highest common factor of a and 3?
3
Suppose -4*o + 0*o = 196. Let t be 6/10 + 621/15. Let h = t - o. Calculate the highest common divisor of h and 13.
13
Suppose -3*k = -4*d + 1121 + 407, d = 5*k + 365. Suppose 5*v + a - 382 = d, 4*v = -a + 613. Calculate the greatest common divisor of 14 and v.
14
Let d be -1 - (-1)/((-1)/22). Let s be (4/(-2) - d) + -1. Suppose 4*k + 2*f = 26, -3*k - 2*f = -5*f + 3. Calculate the highest common divisor of k and s.
4
Let x = 80 + -56. What is the highest common factor of 3 and x?
3
Let j(v) = -4*v. Let l be j(-3). What is the highest common divisor of l and 96?
12
Suppose -3*b + 14 = 2. What is the greatest common divisor of b and 16?
4
Let a = -202 - -407. Calculate the highest common divisor of a and 41.
41
Let q = 78 - 39. Let g be ((-7)/14)/(2/(-52)). What is the greatest common factor of q and g?
13
Let l(t) = t**3 + 5*t**2 + 3*t - 2. Let j be l(-3). What is the greatest common factor of j and 14?
7
Let n be (-32)/3*4*(0 + -3). Calculate the greatest common factor of n and 32.
32
Suppose -208 = -7*b + 3*b. Suppose 7*v - 3*v - 4*q = 200, 0 = -v + 3*q + b. What is the highest common factor of 7 and v?
7
Let y(c) = 25*c**3 - c**2 - 3*c - 2. Let a be y(-2). Let p(l) = 51*l + 3. Let o be p(-7). Let w = a - o. What is the highest common divisor of 14 and w?
14
Suppose 11 = 3*u - 34. Let h be 2/5*u/1. What is the highest common factor of h and 12?
6
Suppose -2*q - 3*q = -30. Suppose -4*p + 5*n = 2, p = q*p - 3*n - 4. Let w be (-4 + p)*(-1 - 10). Calculate the highest common factor of 55 and w.
11
Let l(f) = 6*f**2 + 0*f**2 - f**3 + 3 + 4*f**3 - 4*f**3 - 5*f. Let u be l(4). Calculate the highest common divisor of u and 15.
15
Let i be 231/55 - (-1)/(-5). Suppose 0 = -i*s + 3*d + 31, -s - 2*s - d + 7 = 0. Calculate the highest common factor of 20 and s.
4
Let j = 31 + -65. Let f = j - -64. What is the greatest common divisor of f and 20?
10
Let h(v) = v + 4. Let b be h(6). Suppose 0 = -2*z - 2*z + 12. Suppose -z*o + 29 = -61. Calculate the greatest common divisor of b and o.
10
Suppose m - 15 = 12. Let w = -62 - -80. Calculate the highest common divisor of w and m.
9
Suppose 4*p + 144 = 8*p. What is the highest common factor of 9 and p?
9
Suppose -3 = -2*m + 7. Suppose 0 = -m*y + 19 - 4. Calculate the highest common factor of y and 3.
3
Let k be (6/(-8))/((-3)/12). Let n(r) = -r**3 + 5*r**2 - r + 3. Let o be n(4). Calculate the greatest common divisor of o and k.
3
Let p be 1 + 0/(-3) - 0. Let w be 3/9*(p - -14). Suppose u = w*u - 240. What is the greatest common factor of u and 10?
10
Let k(j) = j**3 + 8*j**2 + 11*j + 3. Let d be k(-6). Calculate the greatest common divisor of d and 81.
9
Suppose 12 = v + 2*v. Let f(i) = 11*i - 2. Let u be f(v). What is the highest common factor of u and 14?
14
Let a(r) = 2*r**2 - 2*r - 10. Let u be a(5). What is the highest common factor of u and 15?
15
Let r be ((-45)/25)/(3*(-2)/40). Suppose 16 = 2*s - 0*s. Let h = 16 - s. Calculate the greatest common factor of r and h.
4
Suppose -a = a - 4. Suppose -5*c = -1 - 4, a*k - 43 = 5*c. What is the highest common divisor of k and 60?
12
Let i = -20 - -59. Let z = -262 + 158. Let l be ((-1)/(-2))/((-2)/z). What is the highest common factor of i and l?
13
Let h be (7*3)/(3*(-8)/(-120)). Calculate the greatest common divisor of h and 15.
15
Let r be -3*(-7)/3 - 0. What is the highest common divisor of 49 and r?
7
Let r(z) = -z**3 - 9*z**2 - 9*z - 1. Let j be r(-6). Let d be (j/3)/(1/(-3)). Let k be (-3 + -30)*(1 - 10/6). Calculate the greatest common divisor of d and k.
11
Let i = -13 - -31. Suppose 4*x + i - 90 = 0. What is the greatest common divisor of 27 and x?
9
Let d(c) = -c**2 + 8*c - 9. Let i be d(6). Suppose -5*y + 12 = -y - 5*f, 2*f - 2 = 5*y. Let m be 3 - (2*-8 + y). What is the greatest common divisor of i and m?
3
Let s be (-1)/4 - (-38)/(-8). Let f = s + 10. Let v = 164 + -159. What is the greatest common factor of f and v?
5
Let x = 4 - 0. Suppose 245 = x*o + 89. Calculate the highest common divisor of 13 and o.
13
Suppose 2*l - 4*l = 8. Let i be (-8)/(-6) + l/(-6). Suppose 6*b - b + 4*q - 1 = 0, 2*q = 3*b - 5. What is the greatest common factor of i and b?
1
Let i be 1 + 13 - (-4)/2. Suppose -13 = -5*v + 2. Suppose -5*w = -3*h - 23, h - 3 = -v*w + 8. Calculate the highest common divisor of i and w.
4
Let u be 11 + 1/(0 - -1). What is the highest common divisor of 3 and u?
3
Let d be (110 + 0)*(-2)/(-4). Calculate the greatest common factor of d and 22.
11
Let z(c) = 2*c**2 - 3. Let s be z(4). Suppose 10*w - 14*w = -80. Let d = s - w. What is the highest common factor of 81 and d?
9
Suppose 5*t - 2*t - 18 = 0. Let x(f) = 28*f + 16. Let p be x(t). Calculate the greatest common divisor of 23 and p.
23
Let h = -14 - -24. What is the highest common factor of h and 180?
10
Let d = -2 - -2. Suppose -x + 20 + 1 = d. Calculate the greatest common factor of 3 and x.
3
Let l(w) = -w**3 + 6*w**2 - 5*w + 3. Let v be l(5). Suppose 3*z = -4*m - 7 + 19, -m - v = 0. Calculate the highest common factor of 32 and z.
8
Let t = 10 - 3. Calculate the highest common divisor of t and 91.
7
Let y = -21 - -39. Calculate the greatest common factor of y and 54.
18
Suppose t = b + 4, -1 = 4*t - 5*b - 16. Suppose t*h - 12 = 2*d - 50, 4*d = 3*h + 20. Let i = -6 - h. Calculate the highest common divisor of 3 and i.
1
Let w(x) = x - 6. Let z be w(9). Let a(j) = -2*j - 6. Let b be a(-9). Calculate the greatest common divisor of z and b.
3
Let y be (56 - 0)/((2 - 1) + 1). Calculate the highest common divisor of y and 392.
28
Suppose -25 - 3 = -4*o. Suppose -o*x = -5*x - 28. Calculate the greatest common divisor of 14 and x.
14
Suppose 49*s - 46*s - 42 = 0. What is the greatest common divisor of 35 and s?
7
Let y = 27 - 12. Suppose 0 = 2*a, -4*g + a + a = -60. What is the highest common factor of y and g?
15
Let r(v) = -2*v - 2. Let i(k) = k**3 - 10*k**2 - 13*k + 15. Let x be i(11). Let n be r(x). What is the highest common factor of 24 and n?
12
Let c(u) = -u**3 - u**2 + 5*u + 4. Let y be c(-3). Let r = y - 4. Suppose 4*k - 63 = -r*l + 37, -3*l = 3*k - 78. What is the highest common divisor of 55 and k?
11
Suppose -s = -4*b + 9, 3*b - 5 = -s - 0*s. What is the highest common factor of 18 and b?
2
Let l(b) = -b**2 + 8*b + 6. Let f be l(8). Let h be (f/(-10))/((-3)/15). Calculate the highest common divisor of h and 3.
3
Let b(g) = g. Let w be b(1). Let t = 10 + -8. Calculate the highest common divisor of t and w.
1
Suppose -11 = -2*k + 33. Let t(c) be the third derivative of -c**4/8 - c**3/6 + 3*c**2. Let g be t(-4). What is the greatest common factor of g and k?
11
Let m(g) = -g**3 - 6*g**2 - 2*g - 9. Let t be m(-6). Let k be ((-2)/t)/((-1)/(-9)). Let i = 15 + k. Calculate the greatest common divisor of i and 6.
3
Suppose -5*q - 330 = -2*q - m, -5*m = -q - 124. Let b = q - -303. Let w be b/4 + 4/(-8). Calculate the greatest common divisor of w and 12.
12
Let k = -77 - -98. What is the greatest common divisor of 3 and k?
3
Let y = -5 - -8. Let a(j) = 2*j**2 - 3*j. Let o be a(y). What is the greatest common factor of 18 and o?
9
Suppose 6*h + 7*h - 507 = 0. Calculate the highest common divisor of 26 and h.
13
Let j = -3 - -7. What is the greatest common divisor of 36 and j?
4
Suppose j + 5*h = 20 - 2, -h = -j. Suppose 0*q - 96 = -j*q. Let x = 23 - 7. What is the greatest common divisor of x and q?
16
Suppose -o + 4*x = o + 24, 2*o - 3*x = -19. Let r be o/(0 + -2)*2. Suppose 3*y + 6 = -r*k - 5, -4*y = -4*k + 28. What is the greatest common factor of 16 and k?
2
Suppose -p = -v - 7, -5*v + v = 20. What is the highest common factor of p and 11?
1
Let r(a) = a**3 + 5*a**2 - 5*a + 2. Let z be r(-6). Let s(t) = -t**3 + t**2 - t - 4.